225 and 9281818.
169
Calculate the greatest common factor of 2879896 and 376.
8
Calculate the highest common divisor of 5488 and 3032.
8
Calculate the highest common divisor of 116 and 378869572.
116
What is the highest common divisor of 650 and 1089150?
50
Calculate the highest common factor of 13506777 and 148143.
6441
What is the highest common divisor of 10176009 and 114253?
1873
Calculate the highest common divisor of 2230 and 55296418.
446
What is the highest common factor of 2225548 and 837108?
1348
What is the highest common divisor of 44 and 1774736?
4
Calculate the highest common divisor of 529433 and 7511.
37
What is the greatest common factor of 9050664 and 12?
12
Calculate the highest common factor of 170922 and 5066950.
934
Calculate the greatest common divisor of 590 and 16078050.
10
What is the highest common factor of 89538 and 114?
6
Calculate the greatest common divisor of 1850 and 50303350.
1850
What is the greatest common divisor of 44 and 17005549?
11
Calculate the greatest common divisor of 4791108 and 71736.
84
What is the greatest common factor of 3082272 and 1176416?
3104
Calculate the highest common factor of 95 and 318658842.
19
What is the greatest common factor of 4222884 and 3219?
111
Calculate the highest common divisor of 70 and 277463165.
35
What is the highest common factor of 97265700 and 245700?
6300
Calculate the greatest common factor of 138136786 and 642.
214
Calculate the greatest common divisor of 1854978525 and 16542.
8271
What is the greatest common divisor of 499824 and 20025?
801
Calculate the greatest common factor of 10148490 and 7650.
1530
Calculate the greatest common divisor of 75123 and 25704.
153
Calculate the greatest common factor of 2392 and 19345976.
104
What is the greatest common factor of 224275 and 25?
25
Calculate the greatest common factor of 7162554 and 42.
42
What is the greatest common factor of 13950 and 107115850?
1550
What is the highest common factor of 10132520 and 810?
10
What is the highest common factor of 83 and 196711577?
83
What is the highest common factor of 620460 and 7695?
405
What is the highest common factor of 9 and 42921693?
9
What is the highest common factor of 131069114 and 178669?
6161
Calculate the greatest common divisor of 984197 and 328700.
173
What is the highest common factor of 3636578 and 106502?
1034
What is the greatest common divisor of 5856 and 3746742?
366
What is the highest common factor of 124470208 and 172?
172
Calculate the highest common factor of 153 and 3770124.
51
What is the highest common factor of 41848 and 301635153?
5231
What is the highest common factor of 7570975685 and 91?
91
Calculate the highest common divisor of 16790 and 404420.
730
Calculate the highest common divisor of 493 and 26358245.
493
Calculate the highest common divisor of 2702378040 and 655.
655
What is the greatest common factor of 1952640 and 900?
180
What is the highest common divisor of 8897 and 1146243?
7
Calculate the highest common factor of 58226641 and 74.
37
What is the highest common divisor of 75 and 107400435?
15
Calculate the greatest common divisor of 369 and 8031162.
123
What is the highest common factor of 5445 and 1920105?
495
What is the highest common factor of 6223 and 628670?
49
What is the greatest common divisor of 8495637 and 609?
87
Calculate the greatest common factor of 13193 and 255677.
167
What is the highest common factor of 128593 and 7981?
23
What is the greatest common divisor of 3473 and 2461?
23
What is the highest common divisor of 257 and 442297?
257
Calculate the greatest common divisor of 148079313 and 18492.
4623
What is the greatest common divisor of 85 and 180506?
17
What is the highest common divisor of 167868 and 56?
4
What is the highest common factor of 1287 and 137165886?
1287
Calculate the highest common factor of 106646 and 1883.
1
What is the highest common factor of 416236 and 2358?
2
What is the highest common divisor of 2027790 and 14370?
30
Calculate the highest common divisor of 227962 and 61978.
266
Calculate the highest common divisor of 11000 and 6072.
88
What is the highest common divisor of 188188 and 1498497?
1001
What is the greatest common factor of 67657189 and 5317?
409
What is the greatest common divisor of 450274 and 2134?
2134
Calculate the greatest common divisor of 16515279 and 594.
297
Calculate the greatest common factor of 16317 and 83466894.
5439
What is the highest common divisor of 34043 and 7788?
59
What is the greatest common factor of 12510 and 22332852?
2502
Calculate the greatest common divisor of 9409422 and 4.
2
What is the highest common divisor of 260670 and 7560?
30
Calculate the greatest common factor of 231 and 47454.
33
What is the greatest common divisor of 13123760 and 65?
65
What is the highest common factor of 3589 and 21677851?
97
What is the greatest common divisor of 53710258 and 25123?
679
Calculate the greatest common divisor of 3128410 and 230.
10
What is the greatest common factor of 187875776 and 1012?
1012
Calculate the highest common divisor of 2985 and 215915.
995
Calculate the greatest common factor of 100018296 and 28.
28
What is the highest common divisor of 2859964 and 6?
2
What is the highest common factor of 47157 and 15939?
33
What is the greatest common divisor of 775 and 724835?
5
Calculate the highest common factor of 990 and 135982.
22
Calculate the greatest common factor of 12501467 and 568.
71
What is the highest common factor of 252 and 650016504?
36
Calculate the greatest common factor of 10744 and 5908568.
632
Calculate the greatest common divisor of 38696487 and 222.
111
What is the highest common divisor of 5026524 and 36?
12
What is the highest common factor of 53856 and 43032?
264
Calculate the highest common divisor of 67692 and 7932.
12
Calculate the greatest common factor of 23180 and 15341500.
1220
What is the highest common factor of 281 and 242399030?
281
Calculate the greatest common factor of 4437 and 89684095.
493
What is the highest common factor of 31966857 and 3042?
1521
What is the greatest common factor of 1 and 656654188?
1
What is the highest common factor of 1221129914 and 386?
386
Calculate the highest common divisor of 340566 and 78.
6
Calculate the highest common factor of 480580 and 27440.
20
Calculate the greatest common factor of 20645267 and 3572.
893
What is the greatest common factor of 3424 and 1813757?
107
Calculate the greatest common divisor of 5161 and 38701.
13
What is the highest common divisor of 430521011 and 148?
37
What is the highest common factor of 41 and 53165561?
41
Calculate the greatest common factor of 12038 and 10300.
2
What is the greatest common divisor of 31842 and 29004768?
1098
What is the greatest common factor of 26724 and 9790416?
1572
Calculate the greatest common divisor of 108 and 2321442.
18
Calculate the greatest common factor of 16922933 and 292.
73
What is the greatest common divisor of 3351140 and 1820?
260
Calculate the greatest common divisor of 23297928 and 96.
24
Calculate the highest common divisor of 11 and 61467703.
11
Calculate the highest common factor of 13 and 986824527.
13
Calculate the greatest common divisor of 1282810 and 4890.
1630
Calculate the greatest common factor of 492 and 29043867.
123
Calculate the greatest common factor of 1113 and 27306279.
21
Calculate the greatest common factor of 380876958 and 2772.
1386
Calculate the highest common divisor of 2964996 and 36.
36
Calculate the highest common divisor of 717 and 43533372.
717
What is the highest common factor of 40136 and 47?
1
What is the highest common divisor of 176670 and 356850?
1170
What is the greatest common divisor of 11043982 and 84286?
1258
What is the highest common factor of 18836 and 154012?
1108
What is the highest common factor of 69702399 and 64467?
3393
Calculate the greatest common factor of 747697344 and 64.
64
What is the greatest common factor of 1075 and 216935?
215
Calculate the highest common factor of 11767112 and 32.
8
Calculate the highest common factor of 27 and 624363.
3
Calculate the highest common divisor of 881 and 540053.
881
Calculate the highest common divisor of 10560 and 23176.
8
What is the highest common divisor of 2816 and 2331769?
11
What is the highest com